mposite?
False
Let x be (-76)/3 - (-295)/(-177). Is (-1420)/36*-4 + (-6)/x composite?
True
Let j = 20747 + 40514. Is j a composite number?
False
Let w = -104 - -98. Let n(f) = -109*f + 59. Is n(w) a composite number?
True
Let f be (-3 - -1)*(-21198)/(-6). Let g(i) = 1160*i**2 - 5*i - 38. Let y be g(-3). Let t = y + f. Is t a prime number?
False
Let m(n) be the first derivative of -5*n**3 + 9*n**2/2 + 24*n - 2. Let s be m(-10). Is s/(-2) - 8/(-2) composite?
False
Let x(g) = -g**3 + 2*g**2 - 7*g + 195401. Is x(0) a prime number?
True
Let f(g) = -g**2 - 3*g - 5. Let w be f(-4). Let h(t) be the third derivative of -t**6/30 - t**5/5 + 5*t**4/12 - 7*t**3/6 - 144*t**2. Is h(w) composite?
False
Is 5 + 18/(-72) + 7/(-4) + 159776 prime?
True
Suppose 0 = -4*l - 0*l - 3*w + 6234060, 4*w = -5*l + 7792576. Is (-4)/(-26) + l/208 prime?
False
Suppose z = -k + 70531, -12*z + 13*z = k - 70527. Is k composite?
False
Let f be (3/2 + 1)/(8/16). Suppose -5*c = 2*r - 3091, -3*r - 3*c - 3131 = -f*r. Is (20/(-5) - -5) + r/1 prime?
True
Let k = -11013 + 27304. Suppose -11*n + 616 = -k. Is n composite?
True
Let s = -1409210 + 2017444. Suppose 9*r + 13*r - s = 0. Is r a prime number?
True
Let y = -9398 + -2267. Let n = y + 16778. Is n a prime number?
True
Suppose -3*g + 502 = i, -2*i + 500 = -i + 2*g. Suppose 35*k = 34*k - i. Is (-23 + k)*(-5)/3 prime?
False
Let w be 819/147 + (-6)/(-14) + 1. Suppose 21161 = -w*t + 14*t. Let v = 4282 - t. Is v a composite number?
False
Let q = -256 - -165. Let d = q + 85. Is 29/2*-118*(-7 - d) composite?
True
Let p = 50 + -30. Suppose -5*h + p = 0, -2*y + 0*h - 4 = -5*h. Suppose 7*f + 37 = y*f. Is f a prime number?
True
Let f(i) = 15*i**2 + 12*i + 14. Let h(z) = 2*z + 33. Let w be h(-18). Is f(w) a composite number?
False
Let a(g) = 1167*g**2 - 6*g + 2. Let x = -13 + 14. Is a(x) composite?
False
Suppose 59950 = -6*m + 17*m. Suppose 5*a + 5502 = 3*b, -4*b + 1872 = -2*a - m. Is b a prime number?
False
Let v(i) = -153*i. Let q be v(15). Let p = 5072 + q. Is p a prime number?
True
Suppose -1301292 = 32*f - 13614028. Is f a composite number?
False
Let i be 0/((1 - (4 - 2))/(-1)). Suppose -5*n - a + 42 = i, -2*n - 2*a + 12 = -8. Suppose -5*s = -2*r - 1869, -2*r - n = -2*s + 742. Is s composite?
False
Suppose w + w - 5*p - 24 = 0, 60 = 5*w - 3*p. Is ((-112)/w)/(-4)*(-6 - -45) a prime number?
False
Let s(t) = -4*t - 26. Suppose 5*y - 7 = 2*b + 1, -3*y = 3*b + 12. Let p be s(y). Let g = 771 + p. Is g a composite number?
True
Suppose -3*g + 3*m = -6, 4 = -4*g - 5*m - 6. Suppose 5*y - 20 = -g*y. Suppose -v + 0*j = -j - 1401, 3*v = y*j + 4205. Is v composite?
False
Let l(h) = -92*h**3 - 3*h**2 - 4*h + 16. Let g = 21 + -26. Is l(g) a composite number?
True
Suppose 2*r = b + 2*b + 10, 0 = -3*r - 2*b + 2. Let z be ((-9351)/r)/3*(-2)/(-3). Let g = z - -1482. Is g a prime number?
True
Suppose 3*d - 9*d + 12 = 0. Suppose 0*z + 26084 = 4*z + 3*o, o - 13042 = -d*z. Is z a composite number?
False
Let a = 738 - -526. Let s = -63 + a. Is s prime?
True
Suppose 0 - 40 = -4*s. Suppose 27*c - 29*c + s = 0. Suppose 4*v + 3*h - 1259 = 0, 0*v + c*h = 5*v - 1530. Is v a prime number?
True
Let v(f) = -f**3 + 13*f**2 + 4*f + 2. Let t be v(13). Let m = t + -42. Is ((-16)/m)/(4/(-1686)) prime?
False
Let a be 0/(-1) + (0 - 0)*-1 + 36. Let f be (-2)/3 + (-815)/(-3). Let s = a + f. Is s a composite number?
False
Suppose 5*n = 3*r + 1 - 4, 4*n + 5 = 5*r. Suppose -5*p + p = -3*l - 25, -5*l - 3 = 3*p. Is (p/(-3) + r)*-879 prime?
True
Let d(b) be the second derivative of b**4/12 - b**3/6 - b**2/2 - 29*b. Let q be d(3). Suppose 2*h + 4*z = 4*h - 2530, 3*z + 6311 = q*h. Is h composite?
True
Let k = -599 + -244. Is 4/1 + (30 - k) a composite number?
False
Let l(w) = -2*w - 38. Let h be (22*2/10)/((-6)/30). Let z be l(h). Suppose -1055 = -11*t + z*t. Is t a prime number?
True
Is ((-79284723)/(-42))/47*2 composite?
False
Let l = -237174 + 49987. Is l/(-63) - 2/9 a prime number?
True
Let b be 4 + 1 + 1 - -97210. Suppose 9*v - b = 42905. Is v a composite number?
False
Let x = 34 - 43. Let b(h) = 69*h + 18. Let f(a) = 206*a + 55. Let j(q) = -7*b(q) + 2*f(q). Is j(x) prime?
False
Let n(o) = -18*o - 21. Let g be n(-2). Let l be -2*22341/g*(-20)/(-8). Let v = l + 10904. Is v prime?
True
Suppose 31265331 = -261*l + 552*l. Is l a composite number?
False
Let b = -294319 - -418808. Is b a prime number?
True
Let t be (-6)/22 - (-53958)/374. Let i be (-12)/(-15)*15/2. Is i/(-12)*2 + t a composite number?
True
Suppose 0 = 3*m - 4*u - 2795017, 2993*m = 2996*m - 5*u - 2795012. Is m a composite number?
True
Is 81/(-9) - -13 - -1142677*3/3 a composite number?
True
Let o be ((-13)/26)/((-2)/51916). Suppose -5*i - o = -a, a - 5*i = -6*i + 12955. Is a a composite number?
False
Let o(u) be the third derivative of -u**6/60 + u**5/60 + u**4/8 + u**3/3 - 2*u**2. Let v be o(-2). Suppose 11*z = v*z - 155. Is z prime?
True
Suppose -5*x + 2610553 = 2*d, 3*x = -0*x - d + 1566331. Is x composite?
True
Let b = 38 + -31. Suppose -7232 = -b*i + 10401. Is i a prime number?
False
Suppose 97*p + 211047 = 99*p - 5*f, 105524 = p - 3*f. Is p a prime number?
False
Let f be ((-290)/20)/(-3 - (-565)/188). Let s = -1885 - f. Is s composite?
True
Let k = 335 - 333. Is (-84)/21 + (1 + 5266 - k) a prime number?
True
Suppose -18*j + 30 = -24. Let s(b) = 294*b**3 + 3*b + 2. Is s(j) composite?
False
Let j = 40 - 39. Suppose a - j = 3. Suppose 3*z + 679 = i + 5*z, -a*i + 4*z + 2680 = 0. Is i prime?
True
Let m be ((-12)/(-9))/(18/441855). Let d = m + -5269. Is d composite?
True
Suppose 2*x + p = -63, x - 3*p = 3*x + 73. Let y = 31 + x. Suppose 0 = 2*z - y*q - 1112, -5*z - q = -4541 + 1755. Is z a composite number?
False
Let s be 2 - 160/85 - (-1012)/68. Is -2 - 1 - (-529 - s) a prime number?
True
Suppose 3*n = 2*r - 1949812, 165 = -4*n + 133. Is r a composite number?
True
Let r = -14154 - -162857. Is r composite?
True
Let v = 1 - -7. Suppose 21 = v*l - 11. Let b(o) = 17*o**2 - 17*o - 1. Is b(l) a composite number?
True
Let v = -4545 + 767. Is (30/4 + -8)*v composite?
False
Let n = 487 + -485. Suppose 5*b = -n*s + 5*s + 13079, 13077 = 5*b - 4*s. Is b prime?
True
Suppose 0*r - 2*r = -4*a - 10, -4*a - 11 = -r. Let i be (0 - r)*(-17469)/(-9). Let m = i + -382. Is m composite?
False
Is (50 - 152838)*4/(-16) a composite number?
False
Let i(y) = 2*y**2. Let q be i(-1). Suppose -4*z + 7468 = 4*c, -c - q*z = -3*c + 3718. Let o = c + -320. Is o prime?
True
Let q(g) be the second derivative of 3*g**5/10 + 2*g**4/3 - 7*g**3/6 + 4*g**2 - g. Let t be q(7). Let p = t + -898. Is p a prime number?
True
Is -3 - ((-133206)/9)/((-4)/(-48)) prime?
False
Suppose 1029662 = 6*c + 2*w, -13*c + 18*c - w - 858057 = 0. Is c prime?
False
Suppose 23*p - 28*p + 13410 = 0. Suppose v + b + 4*b + 11 = 0, -3*v = 2*b - 6. Suppose v*g - p = -5*g. Is g a composite number?
True
Suppose -2*a + 4*j = -116762, -58176 - 221 = -a - 2*j. Is a prime?
False
Suppose -23 = -14*h + 5. Suppose -2*s - 756 = -h*k, -5*s = k - 5*k + 1508. Is k a composite number?
True
Suppose 0 = 11*w - 1632 - 1591. Suppose -2*v - w = -13337. Is (v/(-9))/(4/(-6)) a composite number?
False
Suppose 5*i + 3*c - 48721 = 0, 682*i - 29237 = 679*i - 4*c. Is i composite?
False
Let s = 103193 - 57934. Is s prime?
True
Suppose 3*d - w = 847064, 3*d + w + 3*w - 847069 = 0. Suppose -1852 = -11*y + d. Is y composite?
True
Let j = 15693 - -283960. Is j a composite number?
False
Is ((-104)/(-12) - 8) + (-2)/((-42)/5735737) composite?
False
Suppose 5*z - 19945 = -9*r, 2*z - 12263 + 3399 = -4*r. Is r prime?
False
Let c be 22 + -2 - (-1 - 1). Let r be c*9/(-6) + -1. Is 51/r*(-518)/3 composite?
True
Suppose -1189283 - 451650 = -7*q. Is q a composite number?
True
Suppose -h - 1800 = 3*h - 5*d, -4*d = -2*h - 894. Suppose 1348 + 650 = 3*i. Let s = h + i. Is s a composite number?
False
Let n(d) be the second derivative of -d**5/20 - 7*d**4/12 - 5*d**3/6 - 9*d**2/2 + 10*d. Let g be n(-6). Is (14 + g)*-11*1 a prime number?
True
Let n(t) = 452*t**2 - 114*t + 35. Is n(9) a prime number?
False
Let g be (-1774 - (1 - 3))/(4/(-6)). Is ((-3)/2)/((-3)/g) prime?
False
Let t = 15700 + -8817. Let n = 12653 - t. Suppose -12*k = -18958 + n. Is k a composite number?
True
Let a(k) = -3*k**2 + k. Let s be a(2). Let t(v) = -121*v - 20. Let